{"id":346,"date":"2021-02-01T21:06:06","date_gmt":"2021-02-01T21:06:06","guid":{"rendered":"https:\/\/aldomki.com\/?page_id=346"},"modified":"2021-03-08T17:52:26","modified_gmt":"2021-03-08T17:52:26","slug":"domek-5","status":"publish","type":"page","link":"https:\/\/aldomki.com\/?page_id=346","title":{"rendered":"Domek 5"},"content":{"rendered":"\t\t<div data-elementor-type=\"wp-page\" data-elementor-id=\"346\" class=\"elementor elementor-346\" data-elementor-settings=\"[]\">\n\t\t\t\t\t\t<div class=\"elementor-inner\">\n\t\t\t\t\t\t\t<div class=\"elementor-section-wrap\">\n\t\t\t\t\t\t\t<section class=\"elementor-section elementor-top-section elementor-element elementor-element-b4b589d elementor-section-boxed elementor-section-height-default elementor-section-height-default\" data-id=\"b4b589d\" data-element_type=\"section\">\n\t\t\t\t\t\t<div class=\"elementor-container elementor-column-gap-default\">\n\t\t\t\t\t\t\t<div class=\"elementor-row\">\n\t\t\t\t\t<div class=\"elementor-column elementor-col-100 elementor-top-column elementor-element elementor-element-a59e4eb\" data-id=\"a59e4eb\" data-element_type=\"column\">\n\t\t\t<div class=\"elementor-column-wrap elementor-element-populated\">\n\t\t\t\t\t\t\t<div class=\"elementor-widget-wrap\">\n\t\t\t\t\t\t<div class=\"elementor-element elementor-element-2ddc77e elementor-widget elementor-widget-image\" data-id=\"2ddc77e\" data-element_type=\"widget\" data-widget_type=\"image.default\">\n\t\t\t\t<div class=\"elementor-widget-container\">\n\t\t\t\t\t<div class=\"elementor-image\">\n\t\t\t\t\t\t\t\t\t\t<img width=\"1920\" height=\"895\" src=\"https:\/\/aldomki.com\/wp-content\/uploads\/2021\/03\/aldomki-plan.png\" class=\"attachment-full size-full\" alt=\"\" loading=\"lazy\" srcset=\"https:\/\/aldomki.com\/wp-content\/uploads\/2021\/03\/aldomki-plan.png 1920w, https:\/\/aldomki.com\/wp-content\/uploads\/2021\/03\/aldomki-plan-300x140.png 300w, https:\/\/aldomki.com\/wp-content\/uploads\/2021\/03\/aldomki-plan-1024x477.png 1024w, https:\/\/aldomki.com\/wp-content\/uploads\/2021\/03\/aldomki-plan-768x358.png 768w, https:\/\/aldomki.com\/wp-content\/uploads\/2021\/03\/aldomki-plan-1536x716.png 1536w\" sizes=\"(max-width: 1920px) 100vw, 1920px\" \/>\t\t\t\t\t\t\t\t\t\t\t<\/div>\n\t\t\t\t<\/div>\n\t\t\t\t<\/div>\n\t\t\t\t<div class=\"elementor-element elementor-element-5ff88c9 elementor-widget elementor-widget-spacer\" data-id=\"5ff88c9\" data-element_type=\"widget\" data-widget_type=\"spacer.default\">\n\t\t\t\t<div class=\"elementor-widget-container\">\n\t\t\t\t\t<div class=\"elementor-spacer\">\n\t\t\t<div class=\"elementor-spacer-inner\"><\/div>\n\t\t<\/div>\n\t\t\t\t<\/div>\n\t\t\t\t<\/div>\n\t\t\t\t\t\t<\/div>\n\t\t\t\t\t<\/div>\n\t\t<\/div>\n\t\t\t\t\t\t\t\t<\/div>\n\t\t\t\t\t<\/div>\n\t\t<\/section>\n\t\t\t\t<section class=\"elementor-section elementor-top-section elementor-element elementor-element-0348138 elementor-section-boxed elementor-section-height-default elementor-section-height-default\" data-id=\"0348138\" data-element_type=\"section\">\n\t\t\t\t\t\t<div class=\"elementor-container elementor-column-gap-default\">\n\t\t\t\t\t\t\t<div class=\"elementor-row\">\n\t\t\t\t\t<div class=\"elementor-column elementor-col-100 elementor-top-column elementor-element elementor-element-39fcb70\" data-id=\"39fcb70\" data-element_type=\"column\">\n\t\t\t<div class=\"elementor-column-wrap elementor-element-populated\">\n\t\t\t\t\t\t\t<div class=\"elementor-widget-wrap\">\n\t\t\t\t\t\t<section class=\"elementor-section elementor-inner-section elementor-element elementor-element-85a88d7 elementor-section-boxed elementor-section-height-default elementor-section-height-default\" data-id=\"85a88d7\" data-element_type=\"section\">\n\t\t\t\t\t\t<div class=\"elementor-container elementor-column-gap-default\">\n\t\t\t\t\t\t\t<div class=\"elementor-row\">\n\t\t\t\t\t<div class=\"elementor-column elementor-col-50 elementor-inner-column elementor-element elementor-element-c78f3af\" data-id=\"c78f3af\" data-element_type=\"column\">\n\t\t\t<div class=\"elementor-column-wrap elementor-element-populated\">\n\t\t\t\t\t\t\t<div class=\"elementor-widget-wrap\">\n\t\t\t\t\t\t<div class=\"elementor-element elementor-element-8d071b6 elementor-widget elementor-widget-spacer\" data-id=\"8d071b6\" data-element_type=\"widget\" data-widget_type=\"spacer.default\">\n\t\t\t\t<div class=\"elementor-widget-container\">\n\t\t\t\t\t<div class=\"elementor-spacer\">\n\t\t\t<div class=\"elementor-spacer-inner\"><\/div>\n\t\t<\/div>\n\t\t\t\t<\/div>\n\t\t\t\t<\/div>\n\t\t\t\t<div class=\"elementor-element elementor-element-90e7d28 elementor-widget elementor-widget-heading\" data-id=\"90e7d28\" data-element_type=\"widget\" data-widget_type=\"heading.default\">\n\t\t\t\t<div class=\"elementor-widget-container\">\n\t\t\t<h1 class=\"elementor-heading-title elementor-size-xxl\">DOMEK 5<\/h1>\t\t<\/div>\n\t\t\t\t<\/div>\n\t\t\t\t<div class=\"elementor-element elementor-element-78dcd3c elementor-widget elementor-widget-text-editor\" data-id=\"78dcd3c\" data-element_type=\"widget\" data-widget_type=\"text-editor.default\">\n\t\t\t\t<div class=\"elementor-widget-container\">\n\t\t\t\t\t<div class=\"elementor-text-editor elementor-clearfix\"><p>Domek posiada pok\u00f3j dzienny (TV naziemna ) wraz z w pe\u0142ni wyposa\u017conym aneksem kuchennym, oraz \u0142\u00f3\u017ckiem dwuosobowym rozk\u0142adanym.<br \/>Dwie sypialnie : Obie z \u0142\u00f3\u017ckami dwuosobowymi, oraz \u0142azienk\u0119 z prysznicem. <br \/>Jest to najmniejszy z naszych domk\u00f3w ok 35m2, plus pomieszczenie gospodarcze na grill, le\u017caki, rowery itp<br \/>Cho\u0107 to najmniejszy z domk\u00f3w ma najwi\u0119ksze przynale\u017cne podw\u00f3rko ( ok. 5000m2) , klimatyczny dwustronny drewniany taras.<br \/>Przy domku znajduje si\u0119 piaskownica oraz hu\u015btawka ogrodowa.<\/p><\/div>\n\t\t\t\t<\/div>\n\t\t\t\t<\/div>\n\t\t\t\t\t\t<\/div>\n\t\t\t\t\t<\/div>\n\t\t<\/div>\n\t\t\t\t<div class=\"elementor-column elementor-col-50 elementor-inner-column elementor-element elementor-element-da83b13\" data-id=\"da83b13\" data-element_type=\"column\">\n\t\t\t<div class=\"elementor-column-wrap elementor-element-populated\">\n\t\t\t\t\t\t\t<div class=\"elementor-widget-wrap\">\n\t\t\t\t\t\t<div class=\"elementor-element elementor-element-fa2d17c elementor-widget elementor-widget-image\" data-id=\"fa2d17c\" data-element_type=\"widget\" data-widget_type=\"image.default\">\n\t\t\t\t<div class=\"elementor-widget-container\">\n\t\t\t\t\t<div class=\"elementor-image\">\n\t\t\t\t\t\t\t\t\t\t<img width=\"1014\" height=\"1024\" src=\"https:\/\/aldomki.com\/wp-content\/uploads\/2021\/02\/rozklad1-1014x1024.png\" class=\"attachment-large size-large\" alt=\"\" loading=\"lazy\" srcset=\"https:\/\/aldomki.com\/wp-content\/uploads\/2021\/02\/rozklad1-1014x1024.png 1014w, https:\/\/aldomki.com\/wp-content\/uploads\/2021\/02\/rozklad1-297x300.png 297w, https:\/\/aldomki.com\/wp-content\/uploads\/2021\/02\/rozklad1-150x150.png 150w, https:\/\/aldomki.com\/wp-content\/uploads\/2021\/02\/rozklad1-768x776.png 768w, https:\/\/aldomki.com\/wp-content\/uploads\/2021\/02\/rozklad1.png 1200w\" sizes=\"(max-width: 1014px) 100vw, 1014px\" \/>\t\t\t\t\t\t\t\t\t\t\t<\/div>\n\t\t\t\t<\/div>\n\t\t\t\t<\/div>\n\t\t\t\t\t\t<\/div>\n\t\t\t\t\t<\/div>\n\t\t<\/div>\n\t\t\t\t\t\t\t\t<\/div>\n\t\t\t\t\t<\/div>\n\t\t<\/section>\n\t\t\t\t<div class=\"elementor-element elementor-element-6fb1822 elementor-widget elementor-widget-spacer\" data-id=\"6fb1822\" data-element_type=\"widget\" data-widget_type=\"spacer.default\">\n\t\t\t\t<div class=\"elementor-widget-container\">\n\t\t\t\t\t<div class=\"elementor-spacer\">\n\t\t\t<div class=\"elementor-spacer-inner\"><\/div>\n\t\t<\/div>\n\t\t\t\t<\/div>\n\t\t\t\t<\/div>\n\t\t\t\t\t\t<\/div>\n\t\t\t\t\t<\/div>\n\t\t<\/div>\n\t\t\t\t\t\t\t\t<\/div>\n\t\t\t\t\t<\/div>\n\t\t<\/section>\n\t\t\t\t<section class=\"elementor-section elementor-top-section elementor-element elementor-element-367b8f6 elementor-section-boxed elementor-section-height-default elementor-section-height-default\" data-id=\"367b8f6\" data-element_type=\"section\">\n\t\t\t\t\t\t<div class=\"elementor-container elementor-column-gap-default\">\n\t\t\t\t\t\t\t<div class=\"elementor-row\">\n\t\t\t\t\t<div class=\"elementor-column elementor-col-100 elementor-top-column elementor-element elementor-element-9cc75a8\" data-id=\"9cc75a8\" data-element_type=\"column\">\n\t\t\t<div class=\"elementor-column-wrap elementor-element-populated\">\n\t\t\t\t\t\t\t<div class=\"elementor-widget-wrap\">\n\t\t\t\t\t\t<div class=\"elementor-element elementor-element-2f0e850 gallery-spacing-custom elementor-widget__width-inherit elementor-widget elementor-widget-image-gallery\" data-id=\"2f0e850\" data-element_type=\"widget\" data-widget_type=\"image-gallery.default\">\n\t\t\t\t<div class=\"elementor-widget-container\">\n\t\t\t\t\t<div class=\"elementor-image-gallery\">\n\t\t\t<div id='gallery-1' class='gallery galleryid-346 gallery-columns-2 gallery-size-large'><figure class='gallery-item'>\n\t\t\t<div class='gallery-icon landscape'>\n\t\t\t\t<a data-elementor-open-lightbox=\"yes\" data-elementor-lightbox-slideshow=\"2f0e850\" data-elementor-lightbox-title=\"IMG_2226\" href='https:\/\/aldomki.com\/wp-content\/uploads\/2021\/02\/IMG_2226-scaled.jpeg'><img width=\"1024\" height=\"768\" src=\"https:\/\/aldomki.com\/wp-content\/uploads\/2021\/02\/IMG_2226-1024x768.jpeg\" class=\"attachment-large size-large\" alt=\"\" loading=\"lazy\" srcset=\"https:\/\/aldomki.com\/wp-content\/uploads\/2021\/02\/IMG_2226-1024x768.jpeg 1024w, https:\/\/aldomki.com\/wp-content\/uploads\/2021\/02\/IMG_2226-300x225.jpeg 300w, https:\/\/aldomki.com\/wp-content\/uploads\/2021\/02\/IMG_2226-768x576.jpeg 768w, https:\/\/aldomki.com\/wp-content\/uploads\/2021\/02\/IMG_2226-1536x1152.jpeg 1536w, https:\/\/aldomki.com\/wp-content\/uploads\/2021\/02\/IMG_2226-2048x1536.jpeg 2048w\" sizes=\"(max-width: 1024px) 100vw, 1024px\" \/><\/a>\n\t\t\t<\/div><\/figure><figure class='gallery-item'>\n\t\t\t<div class='gallery-icon landscape'>\n\t\t\t\t<a data-elementor-open-lightbox=\"yes\" data-elementor-lightbox-slideshow=\"2f0e850\" data-elementor-lightbox-title=\"IMG_2231\" href='https:\/\/aldomki.com\/wp-content\/uploads\/2021\/02\/IMG_2231-scaled.jpeg'><img width=\"1024\" height=\"768\" src=\"https:\/\/aldomki.com\/wp-content\/uploads\/2021\/02\/IMG_2231-1024x768.jpeg\" class=\"attachment-large size-large\" alt=\"\" loading=\"lazy\" srcset=\"https:\/\/aldomki.com\/wp-content\/uploads\/2021\/02\/IMG_2231-1024x768.jpeg 1024w, https:\/\/aldomki.com\/wp-content\/uploads\/2021\/02\/IMG_2231-300x225.jpeg 300w, https:\/\/aldomki.com\/wp-content\/uploads\/2021\/02\/IMG_2231-768x576.jpeg 768w, https:\/\/aldomki.com\/wp-content\/uploads\/2021\/02\/IMG_2231-1536x1152.jpeg 1536w, https:\/\/aldomki.com\/wp-content\/uploads\/2021\/02\/IMG_2231-2048x1536.jpeg 2048w\" sizes=\"(max-width: 1024px) 100vw, 1024px\" \/><\/a>\n\t\t\t<\/div><\/figure><figure class='gallery-item'>\n\t\t\t<div class='gallery-icon landscape'>\n\t\t\t\t<a data-elementor-open-lightbox=\"yes\" data-elementor-lightbox-slideshow=\"2f0e850\" data-elementor-lightbox-title=\"IMG_2230\" href='https:\/\/aldomki.com\/wp-content\/uploads\/2021\/02\/IMG_2230-scaled-e1613331984343.jpeg'><img width=\"1024\" height=\"768\" src=\"https:\/\/aldomki.com\/wp-content\/uploads\/2021\/02\/IMG_2230-1024x768.jpeg\" class=\"attachment-large size-large\" alt=\"\" loading=\"lazy\" srcset=\"https:\/\/aldomki.com\/wp-content\/uploads\/2021\/02\/IMG_2230-scaled-e1613331984343.jpeg 1024w, https:\/\/aldomki.com\/wp-content\/uploads\/2021\/02\/IMG_2230-300x225.jpeg 300w, https:\/\/aldomki.com\/wp-content\/uploads\/2021\/02\/IMG_2230-768x576.jpeg 768w, https:\/\/aldomki.com\/wp-content\/uploads\/2021\/02\/IMG_2230-1536x1152.jpeg 1536w, https:\/\/aldomki.com\/wp-content\/uploads\/2021\/02\/IMG_2230-2048x1536.jpeg 2048w\" sizes=\"(max-width: 1024px) 100vw, 1024px\" \/><\/a>\n\t\t\t<\/div><\/figure><figure class='gallery-item'>\n\t\t\t<div class='gallery-icon landscape'>\n\t\t\t\t<a data-elementor-open-lightbox=\"yes\" data-elementor-lightbox-slideshow=\"2f0e850\" data-elementor-lightbox-title=\"IMG_2227\" href='https:\/\/aldomki.com\/wp-content\/uploads\/2021\/02\/IMG_2227-scaled.jpeg'><img width=\"1024\" height=\"768\" src=\"https:\/\/aldomki.com\/wp-content\/uploads\/2021\/02\/IMG_2227-1024x768.jpeg\" class=\"attachment-large size-large\" alt=\"\" loading=\"lazy\" srcset=\"https:\/\/aldomki.com\/wp-content\/uploads\/2021\/02\/IMG_2227-1024x768.jpeg 1024w, https:\/\/aldomki.com\/wp-content\/uploads\/2021\/02\/IMG_2227-300x225.jpeg 300w, https:\/\/aldomki.com\/wp-content\/uploads\/2021\/02\/IMG_2227-768x576.jpeg 768w, https:\/\/aldomki.com\/wp-content\/uploads\/2021\/02\/IMG_2227-1536x1152.jpeg 1536w, https:\/\/aldomki.com\/wp-content\/uploads\/2021\/02\/IMG_2227-2048x1536.jpeg 2048w\" sizes=\"(max-width: 1024px) 100vw, 1024px\" \/><\/a>\n\t\t\t<\/div><\/figure><figure class='gallery-item'>\n\t\t\t<div class='gallery-icon landscape'>\n\t\t\t\t<a data-elementor-open-lightbox=\"yes\" data-elementor-lightbox-slideshow=\"2f0e850\" data-elementor-lightbox-title=\"IMG_2228\" href='https:\/\/aldomki.com\/wp-content\/uploads\/2021\/02\/IMG_2228-scaled.jpeg'><img width=\"1024\" height=\"768\" src=\"https:\/\/aldomki.com\/wp-content\/uploads\/2021\/02\/IMG_2228-1024x768.jpeg\" class=\"attachment-large size-large\" alt=\"\" loading=\"lazy\" srcset=\"https:\/\/aldomki.com\/wp-content\/uploads\/2021\/02\/IMG_2228-1024x768.jpeg 1024w, https:\/\/aldomki.com\/wp-content\/uploads\/2021\/02\/IMG_2228-300x225.jpeg 300w, https:\/\/aldomki.com\/wp-content\/uploads\/2021\/02\/IMG_2228-768x576.jpeg 768w, https:\/\/aldomki.com\/wp-content\/uploads\/2021\/02\/IMG_2228-1536x1152.jpeg 1536w, https:\/\/aldomki.com\/wp-content\/uploads\/2021\/02\/IMG_2228-2048x1536.jpeg 2048w\" sizes=\"(max-width: 1024px) 100vw, 1024px\" \/><\/a>\n\t\t\t<\/div><\/figure><figure class='gallery-item'>\n\t\t\t<div class='gallery-icon landscape'>\n\t\t\t\t<a data-elementor-open-lightbox=\"yes\" data-elementor-lightbox-slideshow=\"2f0e850\" data-elementor-lightbox-title=\"IMG_2220\" href='https:\/\/aldomki.com\/wp-content\/uploads\/2021\/02\/IMG_2220-scaled.jpeg'><img width=\"1024\" height=\"768\" src=\"https:\/\/aldomki.com\/wp-content\/uploads\/2021\/02\/IMG_2220-1024x768.jpeg\" class=\"attachment-large size-large\" alt=\"\" loading=\"lazy\" srcset=\"https:\/\/aldomki.com\/wp-content\/uploads\/2021\/02\/IMG_2220-1024x768.jpeg 1024w, https:\/\/aldomki.com\/wp-content\/uploads\/2021\/02\/IMG_2220-300x225.jpeg 300w, https:\/\/aldomki.com\/wp-content\/uploads\/2021\/02\/IMG_2220-768x576.jpeg 768w, https:\/\/aldomki.com\/wp-content\/uploads\/2021\/02\/IMG_2220-1536x1152.jpeg 1536w, https:\/\/aldomki.com\/wp-content\/uploads\/2021\/02\/IMG_2220-2048x1536.jpeg 2048w\" sizes=\"(max-width: 1024px) 100vw, 1024px\" \/><\/a>\n\t\t\t<\/div><\/figure><figure class='gallery-item'>\n\t\t\t<div class='gallery-icon landscape'>\n\t\t\t\t<a data-elementor-open-lightbox=\"yes\" data-elementor-lightbox-slideshow=\"2f0e850\" data-elementor-lightbox-title=\"IMG_2225\" href='https:\/\/aldomki.com\/wp-content\/uploads\/2021\/02\/IMG_2225-scaled.jpeg'><img width=\"1024\" height=\"768\" src=\"https:\/\/aldomki.com\/wp-content\/uploads\/2021\/02\/IMG_2225-1024x768.jpeg\" class=\"attachment-large size-large\" alt=\"\" loading=\"lazy\" srcset=\"https:\/\/aldomki.com\/wp-content\/uploads\/2021\/02\/IMG_2225-1024x768.jpeg 1024w, https:\/\/aldomki.com\/wp-content\/uploads\/2021\/02\/IMG_2225-300x225.jpeg 300w, https:\/\/aldomki.com\/wp-content\/uploads\/2021\/02\/IMG_2225-768x576.jpeg 768w, https:\/\/aldomki.com\/wp-content\/uploads\/2021\/02\/IMG_2225-1536x1152.jpeg 1536w, https:\/\/aldomki.com\/wp-content\/uploads\/2021\/02\/IMG_2225-2048x1536.jpeg 2048w\" sizes=\"(max-width: 1024px) 100vw, 1024px\" \/><\/a>\n\t\t\t<\/div><\/figure><figure class='gallery-item'>\n\t\t\t<div class='gallery-icon landscape'>\n\t\t\t\t<a data-elementor-open-lightbox=\"yes\" data-elementor-lightbox-slideshow=\"2f0e850\" data-elementor-lightbox-title=\"IMG_2229\" href='https:\/\/aldomki.com\/wp-content\/uploads\/2021\/02\/IMG_2229-scaled.jpeg'><img width=\"1024\" height=\"768\" src=\"https:\/\/aldomki.com\/wp-content\/uploads\/2021\/02\/IMG_2229-1024x768.jpeg\" class=\"attachment-large size-large\" alt=\"\" loading=\"lazy\" srcset=\"https:\/\/aldomki.com\/wp-content\/uploads\/2021\/02\/IMG_2229-1024x768.jpeg 1024w, https:\/\/aldomki.com\/wp-content\/uploads\/2021\/02\/IMG_2229-300x225.jpeg 300w, https:\/\/aldomki.com\/wp-content\/uploads\/2021\/02\/IMG_2229-768x576.jpeg 768w, https:\/\/aldomki.com\/wp-content\/uploads\/2021\/02\/IMG_2229-1536x1152.jpeg 1536w, https:\/\/aldomki.com\/wp-content\/uploads\/2021\/02\/IMG_2229-2048x1536.jpeg 2048w\" sizes=\"(max-width: 1024px) 100vw, 1024px\" \/><\/a>\n\t\t\t<\/div><\/figure>\n\t\t<\/div>\n\t\t<\/div>\n\t\t\t\t<\/div>\n\t\t\t\t<\/div>\n\t\t\t\t\t\t<\/div>\n\t\t\t\t\t<\/div>\n\t\t<\/div>\n\t\t\t\t\t\t\t\t<\/div>\n\t\t\t\t\t<\/div>\n\t\t<\/section>\n\t\t\t\t<section class=\"elementor-section elementor-top-section elementor-element elementor-element-e691c47 elementor-section-boxed elementor-section-height-default elementor-section-height-default\" data-id=\"e691c47\" data-element_type=\"section\">\n\t\t\t\t\t\t<div class=\"elementor-container elementor-column-gap-default\">\n\t\t\t\t\t\t\t<div class=\"elementor-row\">\n\t\t\t\t\t<div class=\"elementor-column elementor-col-100 elementor-top-column elementor-element elementor-element-7b651d3\" data-id=\"7b651d3\" data-element_type=\"column\">\n\t\t\t<div class=\"elementor-column-wrap elementor-element-populated\">\n\t\t\t\t\t\t\t<div class=\"elementor-widget-wrap\">\n\t\t\t\t\t\t<div class=\"elementor-element elementor-element-c60a40b gallery-spacing-custom elementor-widget elementor-widget-image-gallery\" data-id=\"c60a40b\" data-element_type=\"widget\" data-widget_type=\"image-gallery.default\">\n\t\t\t\t<div class=\"elementor-widget-container\">\n\t\t\t\t\t<div class=\"elementor-image-gallery\">\n\t\t\t<div id='gallery-2' class='gallery galleryid-346 gallery-columns-2 gallery-size-full'><figure class='gallery-item'>\n\t\t\t<div class='gallery-icon landscape'>\n\t\t\t\t<a data-elementor-open-lightbox=\"yes\" data-elementor-lightbox-slideshow=\"c60a40b\" data-elementor-lightbox-title=\"OLYMPUS DIGITAL CAMERA\" href='https:\/\/aldomki.com\/wp-content\/uploads\/2021\/03\/P1011403-scaled.jpeg'><img width=\"2560\" height=\"1920\" src=\"https:\/\/aldomki.com\/wp-content\/uploads\/2021\/03\/P1011403-scaled.jpeg\" class=\"attachment-full size-full\" alt=\"\" loading=\"lazy\" aria-describedby=\"gallery-2-1044\" srcset=\"https:\/\/aldomki.com\/wp-content\/uploads\/2021\/03\/P1011403-scaled.jpeg 2560w, https:\/\/aldomki.com\/wp-content\/uploads\/2021\/03\/P1011403-300x225.jpeg 300w, https:\/\/aldomki.com\/wp-content\/uploads\/2021\/03\/P1011403-1024x768.jpeg 1024w, https:\/\/aldomki.com\/wp-content\/uploads\/2021\/03\/P1011403-768x576.jpeg 768w, https:\/\/aldomki.com\/wp-content\/uploads\/2021\/03\/P1011403-1536x1152.jpeg 1536w, https:\/\/aldomki.com\/wp-content\/uploads\/2021\/03\/P1011403-2048x1536.jpeg 2048w\" sizes=\"(max-width: 2560px) 100vw, 2560px\" \/><\/a>\n\t\t\t<\/div>\n\t\t\t\t<figcaption class='wp-caption-text gallery-caption' id='gallery-2-1044'>\n\t\t\t\tOLYMPUS DIGITAL CAMERA\n\t\t\t\t<\/figcaption><\/figure><figure class='gallery-item'>\n\t\t\t<div class='gallery-icon landscape'>\n\t\t\t\t<a data-elementor-open-lightbox=\"yes\" data-elementor-lightbox-slideshow=\"c60a40b\" data-elementor-lightbox-title=\"OLYMPUS DIGITAL CAMERA\" href='https:\/\/aldomki.com\/wp-content\/uploads\/2021\/03\/P1011410-scaled.jpeg'><img width=\"2560\" height=\"1920\" src=\"https:\/\/aldomki.com\/wp-content\/uploads\/2021\/03\/P1011410-scaled.jpeg\" class=\"attachment-full size-full\" alt=\"\" loading=\"lazy\" aria-describedby=\"gallery-2-1045\" srcset=\"https:\/\/aldomki.com\/wp-content\/uploads\/2021\/03\/P1011410-scaled.jpeg 2560w, https:\/\/aldomki.com\/wp-content\/uploads\/2021\/03\/P1011410-300x225.jpeg 300w, https:\/\/aldomki.com\/wp-content\/uploads\/2021\/03\/P1011410-1024x768.jpeg 1024w, https:\/\/aldomki.com\/wp-content\/uploads\/2021\/03\/P1011410-768x576.jpeg 768w, https:\/\/aldomki.com\/wp-content\/uploads\/2021\/03\/P1011410-1536x1152.jpeg 1536w, https:\/\/aldomki.com\/wp-content\/uploads\/2021\/03\/P1011410-2048x1536.jpeg 2048w\" sizes=\"(max-width: 2560px) 100vw, 2560px\" \/><\/a>\n\t\t\t<\/div>\n\t\t\t\t<figcaption class='wp-caption-text gallery-caption' id='gallery-2-1045'>\n\t\t\t\tOLYMPUS DIGITAL CAMERA\n\t\t\t\t<\/figcaption><\/figure><figure class='gallery-item'>\n\t\t\t<div class='gallery-icon portrait'>\n\t\t\t\t<a data-elementor-open-lightbox=\"yes\" data-elementor-lightbox-slideshow=\"c60a40b\" data-elementor-lightbox-title=\"OLYMPUS DIGITAL CAMERA\" href='https:\/\/aldomki.com\/wp-content\/uploads\/2021\/03\/P1011408-scaled.jpeg'><img width=\"1920\" height=\"2560\" src=\"https:\/\/aldomki.com\/wp-content\/uploads\/2021\/03\/P1011408-scaled.jpeg\" class=\"attachment-full size-full\" alt=\"\" loading=\"lazy\" aria-describedby=\"gallery-2-1046\" srcset=\"https:\/\/aldomki.com\/wp-content\/uploads\/2021\/03\/P1011408-scaled.jpeg 1920w, https:\/\/aldomki.com\/wp-content\/uploads\/2021\/03\/P1011408-225x300.jpeg 225w, https:\/\/aldomki.com\/wp-content\/uploads\/2021\/03\/P1011408-768x1024.jpeg 768w, https:\/\/aldomki.com\/wp-content\/uploads\/2021\/03\/P1011408-1152x1536.jpeg 1152w, https:\/\/aldomki.com\/wp-content\/uploads\/2021\/03\/P1011408-1536x2048.jpeg 1536w\" sizes=\"(max-width: 1920px) 100vw, 1920px\" \/><\/a>\n\t\t\t<\/div>\n\t\t\t\t<figcaption class='wp-caption-text gallery-caption' id='gallery-2-1046'>\n\t\t\t\tOLYMPUS DIGITAL CAMERA\n\t\t\t\t<\/figcaption><\/figure><figure class='gallery-item'>\n\t\t\t<div class='gallery-icon portrait'>\n\t\t\t\t<a data-elementor-open-lightbox=\"yes\" data-elementor-lightbox-slideshow=\"c60a40b\" data-elementor-lightbox-title=\"OLYMPUS DIGITAL CAMERA\" href='https:\/\/aldomki.com\/wp-content\/uploads\/2021\/03\/P1015584.jpeg'><img width=\"1024\" height=\"1365\" src=\"https:\/\/aldomki.com\/wp-content\/uploads\/2021\/03\/P1015584.jpeg\" class=\"attachment-full size-full\" alt=\"\" loading=\"lazy\" aria-describedby=\"gallery-2-1047\" srcset=\"https:\/\/aldomki.com\/wp-content\/uploads\/2021\/03\/P1015584.jpeg 1024w, https:\/\/aldomki.com\/wp-content\/uploads\/2021\/03\/P1015584-225x300.jpeg 225w, https:\/\/aldomki.com\/wp-content\/uploads\/2021\/03\/P1015584-768x1024.jpeg 768w\" sizes=\"(max-width: 1024px) 100vw, 1024px\" \/><\/a>\n\t\t\t<\/div>\n\t\t\t\t<figcaption class='wp-caption-text gallery-caption' id='gallery-2-1047'>\n\t\t\t\tOLYMPUS DIGITAL CAMERA\n\t\t\t\t<\/figcaption><\/figure>\n\t\t<\/div>\n\t\t<\/div>\n\t\t\t\t<\/div>\n\t\t\t\t<\/div>\n\t\t\t\t\t\t<\/div>\n\t\t\t\t\t<\/div>\n\t\t<\/div>\n\t\t\t\t\t\t\t\t<\/div>\n\t\t\t\t\t<\/div>\n\t\t<\/section>\n\t\t\t\t<section class=\"elementor-section elementor-top-section elementor-element elementor-element-7d9fec8 elementor-section-boxed elementor-section-height-default elementor-section-height-default\" data-id=\"7d9fec8\" data-element_type=\"section\">\n\t\t\t\t\t\t<div class=\"elementor-container elementor-column-gap-default\">\n\t\t\t\t\t\t\t<div class=\"elementor-row\">\n\t\t\t\t\t<div class=\"elementor-column elementor-col-100 elementor-top-column elementor-element elementor-element-91147db\" data-id=\"91147db\" data-element_type=\"column\">\n\t\t\t<div class=\"elementor-column-wrap elementor-element-populated\">\n\t\t\t\t\t\t\t<div class=\"elementor-widget-wrap\">\n\t\t\t\t\t\t<div class=\"elementor-element elementor-element-ee7cac0 elementor-widget elementor-widget-spacer\" data-id=\"ee7cac0\" data-element_type=\"widget\" data-widget_type=\"spacer.default\">\n\t\t\t\t<div class=\"elementor-widget-container\">\n\t\t\t\t\t<div class=\"elementor-spacer\">\n\t\t\t<div class=\"elementor-spacer-inner\"><\/div>\n\t\t<\/div>\n\t\t\t\t<\/div>\n\t\t\t\t<\/div>\n\t\t\t\t\t\t<\/div>\n\t\t\t\t\t<\/div>\n\t\t<\/div>\n\t\t\t\t\t\t\t\t<\/div>\n\t\t\t\t\t<\/div>\n\t\t<\/section>\n\t\t\t\t\t\t<\/div>\n\t\t\t\t\t\t<\/div>\n\t\t\t\t\t<\/div>\n\t\t","protected":false},"excerpt":{"rendered":"<p>DOMEK 5 Domek posiada pok\u00f3j dzienny (TV naziemna ) wraz z w pe\u0142ni wyposa\u017conym aneksem kuchennym, oraz \u0142\u00f3\u017ckiem dwuosobowym rozk\u0142adanym.Dwie sypialnie : Obie z \u0142\u00f3\u017ckami dwuosobowymi, oraz \u0142azienk\u0119 z prysznicem. Jest to najmniejszy z naszych domk\u00f3w ok 35m2, plus pomieszczenie gospodarcze na grill, le\u017caki, rowery itpCho\u0107 to najmniejszy z domk\u00f3w ma najwi\u0119ksze przynale\u017cne podw\u00f3rko ( &hellip;<\/p>\n<p class=\"read-more\"> <a class=\"\" href=\"https:\/\/aldomki.com\/?page_id=346\"> <span class=\"screen-reader-text\">Domek 5<\/span> Read More &raquo;<\/a><\/p>\n","protected":false},"author":1,"featured_media":0,"parent":0,"menu_order":0,"comment_status":"closed","ping_status":"closed","template":"","meta":[],"_links":{"self":[{"href":"https:\/\/aldomki.com\/index.php?rest_route=\/wp\/v2\/pages\/346"}],"collection":[{"href":"https:\/\/aldomki.com\/index.php?rest_route=\/wp\/v2\/pages"}],"about":[{"href":"https:\/\/aldomki.com\/index.php?rest_route=\/wp\/v2\/types\/page"}],"author":[{"embeddable":true,"href":"https:\/\/aldomki.com\/index.php?rest_route=\/wp\/v2\/users\/1"}],"replies":[{"embeddable":true,"href":"https:\/\/aldomki.com\/index.php?rest_route=%2Fwp%2Fv2%2Fcomments&post=346"}],"version-history":[{"count":34,"href":"https:\/\/aldomki.com\/index.php?rest_route=\/wp\/v2\/pages\/346\/revisions"}],"predecessor-version":[{"id":1054,"href":"https:\/\/aldomki.com\/index.php?rest_route=\/wp\/v2\/pages\/346\/revisions\/1054"}],"wp:attachment":[{"href":"https:\/\/aldomki.com\/index.php?rest_route=%2Fwp%2Fv2%2Fmedia&parent=346"}],"curies":[{"name":"wp","href":"https:\/\/api.w.org\/{rel}","templated":true}]}}